e 15.
-1490ea
-5431d (base 16) to base 13
-c0c7a
Convert -111010111101001011001 (base 2) to base 5.
-443304430
Convert 13424552 (base 6) to base 4.
1233000110
1037636 (base 9) to base 2
10000111111011001010
-1994876 (base 10) to base 13
-54b000
Convert -331606 (base 9) to base 14.
-52267
What is 1221021220 (base 3) in base 15?
b466
Convert -c3267 (base 13) to base 12.
-14a496
309a4 (base 13) to base 3
11102210202
Convert 27504265 (base 8) to base 13.
138bc0a
What is -12101032 (base 7) in base 9?
-2020011
What is c4553 (base 14) in base 13?
1373c3
Convert 52233463 (base 7) to base 13.
bab668
cc9d2a (base 14) to base 15
921e0c
Convert 579903 (base 10) to base 6.
20232423
Convert -440636 (base 9) to base 5.
-31403314
-187a2a3 (base 12) to base 10
-5139483
-38a31aa (base 11) to base 9
-13633340
What is 14477666 (base 8) in base 9?
6203685
100010000001001000111 (base 2) to base 9
2078060
82860 (base 11) to base 3
20010201222
-1041330 (base 8) to base 9
-465054
What is 11244244 (base 7) in base 10?
985912
-5a736 (base 11) to base 2
-10101010101101001
What is 1433245 (base 10) in base 5?
331330440
Convert 757563 (base 10) to base 2.
10111000111100111011
Convert -531530041 (base 6) to base 11.
-52a0848
Convert 1b48173 (base 13) to base 15.
bd9695
5009810 (base 10) to base 11
2911a43
-775881 (base 11) to base 4
-10232020310
Convert -8fd7f3 (base 16) to base 8.
-43753763
1e2c40 (base 15) to base 7
15362655
What is 936456 (base 10) in base 16?
e4a08
What is -1116623 (base 7) in base 2?
-100001111111011010
-11f09 (base 16) to base 4
-101330021
Convert 5870834 (base 9) to base 3.
12222100221011
42443423 (base 5) to base 11
2259a0
Convert 1223123130 (base 4) to base 5.
103040103
-679473 (base 10) to base 14
-13989b
What is 10001010110010000010 (base 2) in base 8?
2126202
What is 2648a6 (base 13) in base 5?
214033403
What is 103241 (base 10) in base 4?
121031021
Convert -116c3c (base 13) to base 7.
-3346151
Convert -879919 (base 13) to base 14.
-5d1187
What is 3240781 (base 9) in base 16?
1a8a29
-318814 (base 10) to base 7
-2465326
-100100102010201 (base 3) to base 10
-4968235
Convert 1408784 (base 10) to base 15.
1cc63e
What is 12040200 (base 6) in base 13?
103389
Convert -1a7b4 (base 12) to base 9.
-58641
Convert -20110221012201 (base 3) to base 12.
-11a0731
-5350533 (base 6) to base 8
-1002171
Convert -1ac730 (base 14) to base 16.
-e97a6
What is 15544470 (base 8) in base 15?
4adc8b
4344240 (base 6) to base 13
7748a
What is 100100211210 (base 3) in base 9?
310753
-112a21b (base 13) to base 12
-1926184
Convert 678654 (base 10) to base 13.
1a9b92
What is 111011101111001100010 (base 2) in base 12?
7a496a
What is -37363 (base 9) in base 3?
-1021102010
What is 170e2 (base 16) in base 5?
11010214
What is 120023331 (base 4) in base 8?
301375
4271630 (base 8) to base 12
471a48
Convert 263264 (base 10) to base 9.
441115
Convert -426481 (base 11) to base 15.
-d714a
Convert 22105215 (base 7) to base 6.
104425000
42120323 (base 5) to base 13
c2658
What is -10002101101020 (base 3) in base 8?
-6205447
-c4815 (base 16) to base 9
-1456076
What is -1341360 (base 8) in base 11?
-238759
What is 1270243 (base 10) in base 3?
2101112110001
What is -13143431 (base 6) in base 10?
-433675
Convert -3411443 (base 5) to base 4.
-32231120
-550536 (base 7) to base 9
-156103
Convert 10001000001101110101001 (base 2) to base 7.
52640130
-12604212 (base 7) to base 10
-1161162
What is -23c15 (base 16) in base 10?
-146453
What is -20112344 (base 5) in base 7?
-1235330
401312150 (base 6) to base 2
11001111001110001100010
-421400223 (base 5) to base 14
-3368d4
-4daae (base 15) to base 3
-110122021102
11000100001011011 (base 2) to base 16
1885b
-3494a3a (base 11) to base 6
-334403533
What is -1001012202210122 (base 3) in base 5?
-12314301202
Convert -10100200221020 (base 3) to base 2.
-110110011110110111001
Convert 1100120221 (base 4) to base 7.
2540635
What is -1570207 (base 8) in base 12?
-19b233
36542 (base 16) to base 15
45e05
-1792112 (base 11) to base 8
-13444613
103782 (base 12) to base 11
16474a
2137062 (base 8) to base 4
2023320302
e41a3 (base 16) to base 2
11100100000110100011
-74063 (base 9) to base 7
-262365
What is -11001011000111100 (base 2) in base 9?
-167581
-110011000110010111 (base 2) to base 13
-74363
Convert 19e45 (base 15) to base 14.
22995
-23223435 (base 7) to base 12
-824470
What is -83777 (base 10) in base 11?
-57a41
Convert 32203220233 (base 4) to base 5.
1434102413
Convert a16057 (base 12) to base 8.
11470703
Convert 1110401212 (base 5) to base 12.
994a79
What is -47303 (base 14) in base 13?
-60c54
Convert 11001100010111010 (base 2) to base 12.
50676
Convert -347 (base 10) to base 5.
-2342
Convert -b6a2 (base 16) to base 11.
-32144
What is 14100114 (base 5) in base 15?
2c909
-4d46 (base 15) to base 16
-406b
Convert -5ab83 (base 13) to base 11.
-104303
Convert -1554300 (base 9) to base 3.
-1121211100000
Convert 401154103 (base 6) to base 9.
13673713
231123553 (base 6) to base 13
b607ba
Convert -10003232 (base 5) to base 9.
-128686
-1343045 (base 6) to base 13
-286a3
What is 46156655 (base 7) in base 2?
1111011000001100100110
-2220744 (base 8) to base 16
-921e4
What is 1025737 (base 9) in base 3?
1000212211021
What is -6642511 (base 7) in base 16?
-c787f
2030142 (base 9) to base 16
10853c
Convert -56ca45 (base 15) to base 11.
-2380034
What is -504850 (base 9) in base 15?
-5d839
2202121211211 (base 3) to base 12
5aa01a
-172455 (base 9) to base 16
-1a138
What is 5c015 (base 14) in base 10?
225027
-353364 (base 8) to base 2
-11101011011110100
-53970 (base 12) to base 6
-2210220
Convert -3614571 (base 10) to base 12.
-1263923
da4b29 (base 15) to base 8
47515033
What is -12bfc (base 16) in base 8?
-225774
-5c10c (base 15) to base 9
-487083
-213033320101 (base 4) to base 14
-151b721
144103041 (base 5) to base 10
769146
Convert ca9703 (base 16) to base 9.
26875465
Convert 32143014 (base 5) to base 3.
111210121112
Convert 3748612 (base 9) to base 12.
82483b
-10042040 (base 5) to base 6
-1422303
What is -101100011010101010 (base 2) in base 6?
-3522134
What is 25222053 (base 6) in base 2?
11000110001011110001
What is 155091 (base 11) in base 4?
322311303
2415062 (base 8) to base 12
27b182
What is 16172843 (base 10) in base 9?
33378865
Convert 1506f (base 16) to base 3.
11101010220
What is -10720 (base 10) in base 8?
-24740
-1314310132 (base 5) to base 14
-613a83
101540 (base 8) to base 7
200024
Convert -3324776 (base 8) to base 15.
-12a4e1
Convert -43116766 (base 8) to base 3.
-122100012021000
726203 (base 10) to base 14
14c919
-2310421 (base 5) to base 4
-22012101
What is 3c3c8 (base 16) in base 9?
415402
Convert 586473 (base 9) to base 3.
122220112110
3ec5e (base 15) to base 3
101020222022
Convert -12200334103 (base 5) to base 9.
-30186104
Convert -31712 (base 16) to base 10.
-202514
Convert -5773063 (base 9) to base 4.
-23321121333
What is 705308 (base 10) in base 7?
5665202
What is -123030113 (base 5) in base 8?
-2213312
Convert 5b6bb33 (base 12) to base 4.
1003330222113
What is -6207 (base 13) in base 9?
-20500
Convert -100101100110011 (base 2) to base 5.
-1104001
Convert -15a1c2 (base 13) to base 4.
-2002331023
-354443 (base 9) to base 14
-579cb
-1141331123 (base 5) to base 13
-72c45a
What is 2222254 (base 7) in base 8?
1030151
Convert -324034140 (base 5) to base 4.
-11110012111
What is -101010010011001101111111 (base 2) in base 5?
-10314320032
526435 (base 8) to base 11
10a855
-2634505 (base 7) to base 14
-8da05
What is -1b566 (base 13) in base 11?
-3734a
Convert -b2989 (base 16) to base 7.
-6134511
Convert 399299 (base 10) to base 4.
1201133003
40593 (base 10) to base 11
28553
1512511 (base 11) to base 2
1001111001011110110000
11335022 (base 6) to base 7
3005462
Convert 3043000 (base 7) to base 13.
c9649
297c93 (base 13) to base 11
635233
Convert 11200022201100 (base 3) to base 9.
4608640
Convert 4331303 (base 5) to base 8.
220341
Convert 334411310 (base 6) to base 3.
102110210220020
Convert 176aa (base 14) to base 13.
20aa8
Convert 66568a (base 12) to base 16.
18d38a
Convert -10300312 (base 5) to base 7.
-513225
Convert 3061 (base 11) to base 2.
111111011100
What is -82855 (base 9) in base 12?
-27758
Convert 3b09fc (base 16) to base 12.
1367138
Convert 37423 (base 1